e remainder when 481 is divided by o?
19
What is the remainder when 420 is divided by 81 + (-5 - -3 - -18)?
32
Suppose -12503 = -1191*m + 98260. Suppose -2*i - 33 = -c, 4*c = 2*c + 3*i + 65. What is the remainder when m is divided by c?
0
Let o = 9825 + -9752. Calculate the remainder when 2258 is divided by o.
68
Suppose v + 13205 + 5392 = 4*v. Calculate the remainder when v is divided by 20.
19
Let d(k) = 243*k**2 - 34*k. What is the remainder when 272 is divided by d(1)?
63
Let f(s) = s**2 - 17*s - 6. Let c = -561 - -640. What is the remainder when c is divided by f(18)?
7
Suppose -5*m = 5 - 25. Let i(j) be the third derivative of -3*j**4/8 - 2*j**3/3 + 16*j**2. What is the remainder when i(-2) is divided by m?
2
Let x(y) = -11*y - 32. Suppose -11*t + 160 = -159. Calculate the remainder when x(-16) is divided by t.
28
Suppose 0 = -6*j + 246 - 1830. What is the remainder when 39/(-12)*j/6 is divided by 9?
8
Let c(h) be the third derivative of -h**6/120 + h**5/3 - 29*h**4/12 - 7*h**3/2 + 93*h**2. What is the remainder when c(15) is divided by 14?
10
Let a = 6262 - 6250. What is the remainder when 89 is divided by a?
5
Let g = -270 - -456. Let q = 199 - g. What is the remainder when 64 is divided by q?
12
Let w(o) = 8*o - 25. Suppose -349*k = -343*k - 192. Calculate the remainder when w(k) is divided by 18.
15
Let x = -53 - -55. Suppose n = 4*j + 35, -x*n = 2*j - 3*j - 98. What is the remainder when 253 is divided by n?
49
Suppose -25*p + 23*p - 5*l + 671 = 0, -4*p + 1287 = -l. Let g(n) = 9*n. What is the remainder when p is divided by g(2)?
17
Let l = 53 - 20. Suppose -65*g = -87*g + 770. Calculate the remainder when g is divided by l.
2
Let n(l) = -l - 3. Calculate the remainder when (-48444)/(-5872)*16/6 is divided by n(-5).
0
Let u = -17047 - -17308. What is the remainder when u is divided by 44?
41
Suppose 445 = 5*j - x, -13 = j - 4*x - 102. What is the remainder when j is divided by 58?
31
Let l(d) = 23*d + 203. Let t(w) = -24*w - 207. Let a(y) = 2*l(y) + 3*t(y). Calculate the remainder when a(-11) is divided by 41.
30
What is the remainder when (-12 - -5) + (88 - 7) is divided by 27?
20
Let v be 4 + (-1 - (-2 - 1)). Let s(a) be the second derivative of a**5/20 - 2*a**4/3 + 5*a**3/2 - 6*a**2 + a. What is the remainder when 27 is divided by s(v)?
3
Let r be 6 - -1 - (-80)/(-80). Let a = 4 - -3. Let m = a - r. What is the remainder when 4 is divided by m?
0
Suppose 3*p = 8*p + o - 152, 4*p + 3*o = 126. What is the remainder when (p*(-12)/(-70))/(2/252) is divided by 13?
11
Let h be -4*(18/4 + -5). Let z(q) = 2 + 3*q**3 + 2 - 1 + q**2 - 6*q. Calculate the remainder when z(h) is divided by 10.
9
Let s = -141 - -23. Suppose -83 + 113 = r. Calculate the remainder when (s/(-4))/(4/8) is divided by r.
29
Let x be 61 + -1 + 3 + -6. Let q = 71 - x. Let w(m) = m**2 - 7*m - 4. Calculate the remainder when q is divided by w(8).
2
What is the remainder when ((-106)/(-7))/((-264)/(-326172)) is divided by 77?
75
Suppose 0 = 101*w - 2294 - 29521. What is the remainder when w is divided by 49?
21
Suppose -2*u + 0*u - u = 0. Suppose 0 = -7*b - u - 0. Suppose -2*m + 3*m - 32 = b. Calculate the remainder when 127 is divided by m.
31
Let m = -3558 - -5448. What is the remainder when m is divided by 43?
41
Let j = -451 - -267. Calculate the remainder when 163 is divided by (-12)/2 - j/4.
3
Let l(t) be the third derivative of t**5/60 - t**4/3 + 5*t**3/6 + 9*t**2. Let c be l(7). Calculate the remainder when 21 is divided by -1 + (-30)/c + -2.
9
Let a(b) = 4*b**2 + 465*b - 1882. Calculate the remainder when 6213 is divided by a(4).
39
Suppose 4*y - 18 = y. Let p = -114 + 116. What is the remainder when 5 - -30*(-1 + p) is divided by y?
5
Let b = 4538 + -4524. What is the remainder when 1453 is divided by b?
11
Let p = -327 - -339. Let m(t) = 1 - 6*t + 16 + 0 - 4. What is the remainder when m(-5) is divided by p?
7
Let f(q) = q**3 - 15*q**2 + 3*q - 12. Suppose -4*x = -m - 61, 3*x - 47 = -0*x + 2*m. Calculate the remainder when 183 is divided by f(x).
18
Suppose 3*v - n - 840 + 8 = 0, 0 = 5*v + 2*n - 1372. What is the remainder when v is divided by 33?
12
Suppose 3*q - 53 = 4*m, -4*m - 2 = q - 41. Suppose -q*k + 410 = -4. What is the remainder when 1509 is divided by k?
15
What is the remainder when (-9010)/(-3) + 21*(-20)/(-630) is divided by 97?
94
Suppose 1286 = 19*r + 51. Calculate the remainder when (2106/r)/1 - (-6)/10 is divided by 17.
16
Let c = 889 - 796. Calculate the remainder when c is divided by (-617)/(-14) - 3/42.
5
Let n = -7361 - -7841. What is the remainder when 964 is divided by n?
4
Suppose -18*j - 130 = -21*j - 4*s, -2*s = -4*j + 144. Let u = 89 - j. What is the remainder when u is divided by 38?
13
Let m(v) = 4*v**3 - v. Let d be m(1). Let s be -120*1*d/4. Let c = -66 - s. What is the remainder when c is divided by 5?
4
Let z = -40 + 42. Suppose 4*r - v = -131, z*v - 70 = 2*r - 0*v. Let k = 40 + r. Calculate the remainder when 13 is divided by k.
5
Let v be (165/66)/((-1)/30). Let u = v - -92. Calculate the remainder when u is divided by 2.
1
Let c(f) = 16*f**3 - 3*f**2 - 689*f + 3405. Calculate the remainder when c(5) is divided by 27.
22
Let b = -38 + 125. Let g = -3981 + 3988. What is the remainder when b is divided by g?
3
Calculate the remainder when 1995/399*(392 - (-1)/(-1)) is divided by 22.
19
Let j(l) = -l**3 - 3*l**2 + 2*l + 3. Let k = 523 - 503. Calculate the remainder when j(-6) is divided by k.
19
Let m = 20674 + -19973. Calculate the remainder when m is divided by 184.
149
Let x be (8 + -14)*(7 + -10). Calculate the remainder when ((-963)/(-12))/((x/(-16))/(-3)) is divided by 37.
29
Suppose 4*a = -y + 18725, -23395 = -5967*a + 5962*a + y. Calculate the remainder when a is divided by 71.
65
Let r be (6 + (-7 - 0))*(-3 - 1108). Let l = -1100 + r. Let v(w) = -w**3 + 5*w**2 - 3*w - 4. What is the remainder when l is divided by v(3)?
1
Let d(j) = -j**3 + 6*j**2 - j + 9. Let o be d(6). Suppose o = 3*z - 117. Suppose 0*p - 8*p + z = 0. Calculate the remainder when 5 is divided by p.
0
Suppose -100 = -a - 2*p - 89, -3*p + 55 = 5*a. Calculate the remainder when 229 is divided by a.
9
Suppose 623752 = 102*u - 689960 + 399078. Calculate the remainder when u is divided by 39.
36
Suppose 27*w + 42*w - 44505 = 0. What is the remainder when w is divided by 27?
24
Let z be (189/6)/(6*2/16). Let b = 4 - z. Let x = -28 - b. Calculate the remainder when 49 is divided by x.
9
Suppose -50*r - 21*r + 1191 = -87. What is the remainder when 632 is divided by r?
2
Let m(l) = -6*l - 6. Let r = 19910 - 19847. Calculate the remainder when r is divided by m(-5).
15
Suppose -4*i = -4*m - 60, -3*i - m + 65 = -0*i. Suppose 0 = -3*q + p + 160, -2*q - p + 95 = -i. What is the remainder when q is divided by 28?
27
Let z be (416/8)/4 + 7. Suppose 0 = 11*t - z*t + 441. What is the remainder when 189 is divided by t?
42
Suppose -3897 - 3418 = -78*g + 173. What is the remainder when g is divided by 64?
32
Let c(o) be the third derivative of 107*o**4/24 + 29*o**3/6 - 2*o**2 + 10. What is the remainder when c(2) is divided by 41?
38
Let o(i) = -i**3 - 8*i**2 + 2*i + 18. Let c be o(-8). Suppose 6*x = -c*x + 8. What is the remainder when 1/3*-3*(x + -24) is divided by 8?
7
Let v be ((-8)/(-10))/((-14)/(-1260)). What is the remainder when (-1743)/(-4) - (-18)/v is divided by 23?
22
Suppose 36 = 5*p - 24. Let w(m) = -49*m - 5. Let f be w(-1). Suppose 3*a - 7*a - 3*v = -f, 3*a + 5*v = 44. Calculate the remainder when p is divided by a.
4
Let n = -1077 - 1478. Let v(p) = -p**2 - 14*p - 16. Calculate the remainder when n/(-45) - 2/(-9) is divided by v(-9).
28
Let r = -2550 - -2595. Let s = -2 + 7. Suppose 2 - 62 = -s*g. What is the remainder when r is divided by g?
9
Let r = -37 + 54. Calculate the remainder when 367 is divided by r.
10
Let k(x) be the first derivative of 3*x**2 + 47*x + 80. What is the remainder when k(0) is divided by -2*(-2)/(4/13)?
8
Let d be (-120)/(-80)*4/3. Suppose f - 5*y - 91 = -0*f, -f + 82 = -d*y. What is the remainder when 300 is divided by f?
72
Let f(s) = -s**2 + 36*s - 12. Let g be f(36). Let t = -17 + 80. Calculate the remainder when t is divided by g/(-9) - 325/(-15)*1.
17
Let h(l) be the first derivative of 5*l**4/4 + l**3/3 + 3*l**2/2 -